, 23, 7333
What are the prime factors of 3868139?
11, 593
What are the prime factors of 1910890?
2, 5, 191089
What are the prime factors of 3283876?
2, 820969
What are the prime factors of 524746?
2, 59, 4447
What are the prime factors of 445839?
3, 353, 421
List the prime factors of 25546636.
2, 53, 120503
What are the prime factors of 1681800?
2, 3, 5, 2803
List the prime factors of 249785.
5, 49957
What are the prime factors of 1518170?
2, 5, 151817
What are the prime factors of 1693021?
11, 153911
What are the prime factors of 354457?
127, 2791
List the prime factors of 206149.
23, 8963
List the prime factors of 204684.
2, 3, 37, 461
List the prime factors of 5189692.
2, 17, 167, 457
List the prime factors of 15109136.
2, 7, 313, 431
List the prime factors of 3479449.
29, 119981
List the prime factors of 1198854.
2, 3, 149
What are the prime factors of 2699261?
37, 72953
List the prime factors of 17705477.
83, 213319
List the prime factors of 1679328.
2, 3, 7, 17
List the prime factors of 778155.
3, 5, 7, 7411
List the prime factors of 5187462.
2, 3, 7, 29, 4259
What are the prime factors of 1132413?
3, 377471
What are the prime factors of 6055162?
2, 17, 178093
What are the prime factors of 1922714?
2, 541, 1777
List the prime factors of 12302292.
2, 3, 89, 11519
What are the prime factors of 4345258?
2, 53, 40993
What are the prime factors of 358005?
3, 5, 29, 823
List the prime factors of 488666.
2, 244333
What are the prime factors of 8158083?
3, 1303, 2087
What are the prime factors of 196768?
2, 11, 13, 43
What are the prime factors of 18944315?
5, 13, 379, 769
List the prime factors of 8808710.
2, 5, 880871
List the prime factors of 7749265.
5, 1549853
What are the prime factors of 2213779?
103, 21493
What are the prime factors of 7762794?
2, 3, 13, 99523
List the prime factors of 1109392.
2, 69337
List the prime factors of 271393.
271393
What are the prime factors of 20835?
3, 5, 463
List the prime factors of 764352.
2, 3, 1327
What are the prime factors of 362278?
2, 7, 113, 229
List the prime factors of 79363.
19, 4177
List the prime factors of 7916573.
7, 1130939
What are the prime factors of 7861775?
5, 157, 2003
List the prime factors of 26678.
2, 13339
List the prime factors of 4028872.
2, 503609
What are the prime factors of 641840?
2, 5, 71, 113
List the prime factors of 127265.
5, 25453
List the prime factors of 269446.
2, 199, 677
What are the prime factors of 447589?
37, 12097
List the prime factors of 3672253.
13, 282481
List the prime factors of 5792.
2, 181
What are the prime factors of 8101876?
2, 233, 8693
What are the prime factors of 60041?
60041
List the prime factors of 2057517.
3, 7, 11, 2969
List the prime factors of 373310.
2, 5, 7, 5333
List the prime factors of 92013.
3, 30671
List the prime factors of 1992155.
5, 11, 29, 1249
List the prime factors of 91272.
2, 3, 3803
List the prime factors of 442463.
7, 31, 2039
List the prime factors of 25770102.
2, 3, 113, 191, 199
List the prime factors of 11916505.
5, 2383301
What are the prime factors of 254429?
7, 19, 1913
What are the prime factors of 18577900?
2, 5, 11, 16889
What are the prime factors of 2488884?
2, 3, 433, 479
List the prime factors of 5912216.
2, 739027
List the prime factors of 11436572.
2, 7, 233, 1753
List the prime factors of 196145.
5, 39229
List the prime factors of 12837054.
2, 3, 883, 2423
List the prime factors of 1508159.
359, 4201
List the prime factors of 148045.
5, 29, 1021
List the prime factors of 1009581.
3, 336527
What are the prime factors of 597597?
3, 7, 11, 13, 199
List the prime factors of 148495.
5, 17, 1747
List the prime factors of 601425.
3, 5, 11
List the prime factors of 183414.
2, 3, 7, 11, 397
List the prime factors of 348675.
3, 5, 4649
What are the prime factors of 932594?
2, 13, 35869
List the prime factors of 3060.
2, 3, 5, 17
List the prime factors of 7491813.
3, 7, 23, 15511
List the prime factors of 3187389.
3, 31, 34273
List the prime factors of 443268.
2, 3, 7, 1759
List the prime factors of 14508748.
2, 113, 32099
List the prime factors of 2055879.
3, 7, 32633
What are the prime factors of 462236?
2, 73, 1583
What are the prime factors of 269425?
5, 13, 829
What are the prime factors of 409202?
2, 204601
What are the prime factors of 29394354?
2, 3, 11, 37, 12037
List the prime factors of 2624060.
2, 5, 131203
List the prime factors of 470332.
2, 31, 3793
What are the prime factors of 129118?
2, 11, 5869
What are the prime factors of 15675198?
2, 3, 7, 11, 37, 131
What are the prime factors of 16211?
13, 29, 43
List the prime factors of 25856692.
2, 23, 127, 2213
What are the prime factors of 3219905?
5, 13, 49537
List the prime factors of 8005944.
2, 3, 333581
What are the prime factors of 20126776?
2, 17, 19, 7789
What are the prime factors of 316167?
3, 105389
List the prime factors of 163959.
3, 31, 41, 43
What are the prime factors of 1105130?
2, 5, 13, 8501
What are the prime factors of 1201559?
1201559
What are the prime factors of 1921088?
2, 13, 2309
What are the prime factors of 170152?
2, 21269
List the prime factors of 7174467.
3, 41, 6481
What are the prime factors of 142775?
5, 5711
List the prime factors of 214102.
2, 7, 41, 373
List the prime factors of 618938.
2, 309469
List the prime factors of 131267.
131267
What are the prime factors of 1629084?
2, 3, 135757
What are the prime factors of 1260?
2, 3, 5, 7
List the prime factors of 2732223.
3, 13, 17, 317
What are the prime factors of 145828?
2, 36457
List the prime factors of 1098204.
2, 3, 23, 173
What are the prime factors of 934294?
2, 467147
List the prime factors of 1229277.
3, 7, 58537
List the prime factors of 480718.
2, 7, 34337
List the prime factors of 2368412.
2, 73, 8111
What are the prime factors of 2699967?
3, 331, 2719
What are the prime factors of 749034?
2, 3, 11, 13, 97
List the prime factors of 16568830.
2, 5, 1656883
What are the prime factors of 1625106?
2, 3, 7, 38693
What are the prime factors of 10495087?
19, 37, 14929
What are the prime factors of 284974?
2, 37, 3851
What are the prime factors of 216250?
2, 5, 173
What are the prime factors of 6590572?
2, 181, 9103
List the prime factors of 2034612.
2, 3, 18839
List the prime factors of 276783.
3, 13, 47, 151
What are the prime factors of 2401493?
41, 58573
List the prime factors of 28836570.
2, 3, 5, 7, 353, 389
What are the prime factors of 9790474?
2, 71, 68947
List the prime factors of 2097233.
233, 9001
What are the prime factors of 5088565?
5, 1017713
What are the prime factors of 4675146?
2, 3, 7, 157, 709
What are the prime factors of 15655384?
2, 107, 18289
What are the prime factors of 6406757?
7, 915251
What are the prime factors of 44623?
44623
List the prime factors of 131854.
2, 65927
List the prime factors of 33400231.
2729, 12239
What are the prime factors of 2787946?
2, 7, 19, 47, 223
What are the prime factors of 8033968?
2, 131, 3833
List the prime factors of 5451273.
3, 101, 1999
List the prime factors of 104156.
2, 13, 2003
What are the prime factors of 2994442?
2, 11, 136111
What are the prime factors of 30119793?
3, 11, 179, 5099
What are the prime factors of 178193?
73, 2441
What are the prime factors of 1279323?
3, 41, 3467
What are the prime factors of 28174058?
2, 11, 53, 73, 331
List the prime factors of 440790.
2, 3, 5, 7, 2099
List the prime factors of 3145866.
2, 3, 83, 6317
List the prime factors of 971573.
643, 1511
What are the prime factors of 2839461?
3, 946487
List the prime factors of 514880.
2, 5, 1609
List the prime factors of 21211606.
2, 13, 815831
What are the prime factors of 9528712?
2, 1191089
List the prime factors of 692001.
3, 23, 3343
List the prime factors of 183623.
11, 16693
List the prime factors of 37361521.
479, 77999
What are the prime factors of 907803?
3, 13, 7759
What are the prime factors of 16235076?
2, 3, 11, 13, 9461
What are the prime factors of 3585426?
2, 3, 13, 43, 1069
List the prime factors of 1060437.
3, 7, 50497
List the prime factors of 3000214.
2, 7, 19, 11279
List the prime factors of 550395.
3, 5, 151
List the prime factors of 3126692.
2, 781673
What are the prime factors of 350880?
2, 3, 5, 17, 43
What are the prime factors of 913366?
2, 456683
What are the prime factors of 280602